0*k - 402987. What is d(-303)?
3
Let h(t) = -154*t - 9504. Give h(-62).
44
Let s(n) = n**3 + 24*n**2 - 2*n - 52. What is s(-24)?
-4
Let h(c) = 2*c**2 + 68*c + 433. Calculate h(-7).
55
Let x(c) = -4*c**2 + 30*c - 61. What is x(3)?
-7
Let x(m) = m**3 - 55*m**2 - 104*m - 646. Determine x(57).
-76
Let d(m) = -11*m - 377. What is d(-34)?
-3
Let y(j) = 51*j - 430. Calculate y(10).
80
Let v(j) = 305*j - 2459. What is v(8)?
-19
Let l(w) = 312*w - 1799. Calculate l(7).
385
Let d(i) = i**3 - 138*i**2 + 533*i + 408. Calculate d(134).
6
Let t(j) = -j**3 - 73*j**2 + 74*j + 4. Determine t(-74).
4
Let f(o) = o**3 - 58*o**2 - 185*o + 121. What is f(61)?
-1
Let w(j) = -14*j**2 - 10*j - 41. Determine w(-4).
-225
Let l(u) = 47*u**2 + 595*u - 15. Calculate l(-13).
193
Let y(o) = 28*o**2 - 14*o + 2. Determine y(2).
86
Let s(h) = -8*h**2 + 93*h + 25. Give s(12).
-11
Let b(w) = -62*w + 2601. Calculate b(43).
-65
Let w(q) = q**3 - q**2 - 2*q + 23. Give w(-6).
-217
Let h(m) = 5*m**3 - 258*m**2 + 157*m - 217. Determine h(51).
-13
Let v(p) = 429*p - 1728. What is v(4)?
-12
Let o(y) = 2*y**2 + 88*y - 7452. Give o(43).
30
Let g(i) = -110*i + 2914. Determine g(27).
-56
Let k(q) = 17*q**2 - 9*q + 9. Give k(-6).
675
Let b(f) = -80*f - 405. What is b(-5)?
-5
Let d(t) = t**2 - 33*t - 326. Give d(-8).
2
Let u(r) = -r**2 + 27*r + 61. Determine u(51).
-1163
Let x(s) = s**3 - 13*s**2 + 6*s - 95. Give x(12).
-167
Let k(c) = 2*c**2 - 20*c + 78. Give k(4).
30
Let j(z) = -2*z**3 + 58*z**2 + 453*z - 13126. Determine j(29).
11
Let d(n) = n**3 + 9*n**2 + 20*n + 30. Calculate d(-8).
-66
Let v(o) = o**3 + 8*o**2 + 6*o + 4. Calculate v(-2).
16
Let l(j) = -j + 37. Determine l(-12).
49
Let o(f) = -4*f**2 + 695*f - 8356. Calculate o(13).
3
Let g(m) = 14*m**2 + 5*m + 5. What is g(-1)?
14
Let h(y) = -43*y + 1463. Calculate h(34).
1
Let p(t) = -t**3 + 31*t**2 - 157*t + 154. Calculate p(25).
-21
Let m(n) = 8*n**3 - 16*n**2 - 18*n + 44. Calculate m(2).
8
Let d(v) = 127*v**2 + 47*v - 93. Calculate d(2).
509
Let w(j) = 12*j**2 + 1057*j + 40. Determine w(-88).
-48
Let v(n) = -314*n - 646. Determine v(-2).
-18
Let o(m) = -m**3 + 9*m**2 + 12*m + 88. Give o(10).
108
Let q(i) = -19*i**2 - 114*i + 28. Calculate q(-5).
123
Let k(j) = -j**2 - 852*j + 5140. Give k(6).
-8
Let g(q) = 241*q - 227. Determine g(1).
14
Let u(v) = -v**3 - 9*v**2 - 19*v - 214. What is u(-13)?
709
Let o(g) = 64*g + 4486. Determine o(-70).
6
Let m(n) = -2*n**2 + 43*n - 134. Determine m(35).
-1079
Let g(o) = 11*o**2 - 69*o + 142. Determine g(2).
48
Let l(g) = -7*g - 169. Determine l(-23).
-8
Let t(x) = -6*x**3 - 62*x**2 - 111*x + 208. What is t(-7)?
5
Let r(b) = 287*b + 520. What is r(-2)?
-54
Let b(a) = a**3 - 5*a**2 - 27*a + 111. Determine b(6).
-15
Let u(i) = i**2 - 722*i + 16654. What is u(24)?
-98
Let b(g) = -105*g + 792. What is b(8)?
-48
Let t(j) = 22008*j + 110036. Determine t(-5).
-4
Let i(x) = -x**3 + 9*x**2 - 15*x - 5. What is i(8)?
-61
Let b(n) = -n**3 + 143*n**2 - 419*n - 385. What is b(140)?
-245
Let w(d) = -2*d - 364. Calculate w(37).
-438
Let m(p) = p**2 - 214*p + 2778. Determine m(14).
-22
Let r(t) = -t**2 - 15*t + 14. Calculate r(-13).
40
Let a(m) = -m**3 + 36*m**2 - 182*m - 16. Calculate a(29).
593
Let s(j) = -13*j**2 + 8*j + 15. Give s(-3).
-126
Let n(z) = 15*z**2 + 854*z + 790. What is n(-56)?
6
Let g(j) = -40*j + 29. What is g(3)?
-91
Let m(f) = 4*f**3 - 2*f**2 - 27*f + 120. Calculate m(4).
236
Let y(l) = 3*l**2 + 45*l - 32. Determine y(-11).
-164
Let y(j) = -2*j**3 + 99*j**2 - 1012*j - 106. Determine y(35).
-1
Let l(k) = k**3 - 22*k**2 - 47*k + 1066. Determine l(22).
32
Let n(t) = -2*t**3 - 53*t**2 - 344*t + 9. What is n(-15)?
-6
Let l(q) = 6*q + 273. What is l(27)?
435
Let u(w) = -2*w**3 + 41*w**2 + 117*w - 36. What is u(23)?
10
Let h(m) = -87*m + 315. Give h(4).
-33
Let f(v) = -8884*v - 151032. Calculate f(-17).
-4
Let z(i) = -32*i**2 + 66*i + 26. What is z(2)?
30
Let u(k) = 5*k + 329. Calculate u(-58).
39
Let p(k) = 54*k**3 + 2*k**2 - 2*k - 3. What is p(-1)?
-53
Let d(f) = -f**2 - 77*f - 372. Determine d(-5).
-12
Let t(o) = 40*o - 3360. Determine t(84).
0
Let u(o) = -o**3 - 72*o**2 - 271*o - 201. Determine u(-68).
-269
Let j(y) = 229*y + 4330. What is j(-19)?
-21
Let d(t) = -88*t + 1711. Give d(20).
-49
Let j(i) = 137*i - 1195. Give j(8).
-99
Let z(p) = p**2 - 26*p - 1203. What is z(50)?
-3
Let o(p) = p**3 + 6*p**2 + 3*p - 4. Calculate o(-4).
16
Let i(c) = 21*c**3 + 8*c**2 + 7*c + 2. Determine i(-1).
-18
Let f(b) = -27*b + 1622. Determine f(60).
2
Let p(n) = n**2 - 126*n + 3391. Determine p(39).
-2
Let h(s) = -377*s + 1505. What is h(4)?
-3
Let v(z) = 7*z**2 - 118*z + 35. Calculate v(16).
-61
Let z(x) = -238*x + 7852. Give z(33).
-2
Let d(l) = -2*l**2 + 13*l + 127. What is d(-7)?
-62
Let p(x) = 60*x - 5. Determine p(-2).
-125
Let y(q) = -6*q + 96. What is y(25)?
-54
Let r(t) = t**2 - 64*t - 7. Give r(64).
-7
Let t(y) = -y**3 - 7*y**2 + 66*y + 328. Give t(-4).
16
Let f(y) = -10*y**2 - 1. Determine f(-1).
-11
Let l(c) = -c**3 + 3*c**2 - 4. Calculate l(4).
-20
Let r(m) = -m**3 - 25*m**2 - 68*m - 13. Determine r(-22).
31
Let o(m) = m**3 + 92*m**2 + 595*m + 60. Give o(-85).
60
Let y(b) = 203*b + 2868. Calculate y(-14).
26
Let d(f) = -4*f**3 + 58*f**2 + 3*f - 31. Determine d(14).
403
Let w(c) = -22*c**3 + 156*c**2 + 30*c - 290. Determine w(7).
18
Let w(a) = a**3 - 14*a**2 + 34*a - 280. Determine w(13).
-7
Let q(x) = -x**2 + 129*x - 2183. Determine q(20).
-3
Let s(u) = -u**2 + 225*u + 3349. Determine s(-14).
3
Let n(x) = 22*x + 769. Calculate n(-35).
-1
Let b(d) = d**3 - 14*d**2 + 19*d + 78. What is b(6)?
-96
Let o(c) = c**3 + 22*c**2 + 108*c - 52. What is o(-8)?
-20
Let w(v) = 9*v**2 + 12*v - 102. Give w(-5).
63
Let c(w) = 23*w + 247. Calculate c(-10).
17
Let v(y) = 10*y + 111. Determine v(-18).
-69
Let s(y) = -y**3 + 10*y**2 + 10*y - 12. Calculate s(10).
88
Let o(a) = -a**3 - 17*a**2 - 35*a - 336. Calculate o(-16).
-32
Let a(h) = -2*h**3 + 127*h**2 + 196*h - 82. Calculate a(65).
-17
Let i(z) = -z**3 - 44*z**2 + 99*z - 7. Determine i(-46).
-329
Let p(y) = -2*y**3 - 19*y**2 + 29*y - 30. What is p(-11)?
14
Let l(b) = -6*b**2 - b - 74. Determine l(0).
-74
Let v(a) = -a**2 - a + 118. Determine v(-11).
8
Let j(w) = 235*w**2 + 11*w - 10. What is j(1)?
236
Let s(g) = g**3 + 90*g**2 - 185*g - 108. What is s(-92)?
-16
Let n(y) = -2*y**2 + 38*y + 468. Calculate n(28).
-36
Let z(q) = -q**3 - 15*q**2 + 52*q + 784. Give z(-15).
4
Let g(c) = c**3 + 8*c**2 + 11*c - 4. Calculate g(-6).
2
Let p(d) = d**3 + 4*d**2 + 3*d - 10. Give p(4).
130
Let p(x) = 75*x - 33. Give p(-2).
-183
Let v(r) = -2*r**2 + 23*r - 85. Calculate v(6).
-19
Let z(q) = -q**2 + 142*q + 1372. Determine z(-9).
13
Let p(w) = 2*w + 63. Calculate p(-53).
-43
Let j(h) = -h**3 - 13*h**2 + 2*h - 12. Determine j(-13).
-38
Let d(o) = -o**3 + o**2 - 3*o + 56. Determine d(6).
-142
Let l(r) = -r**3 + 52*r**2 - 356*r + 4. Calculate l(44).
-172
Let n(g) = -113*g - 901. What is n(-8)?
3
Let t(r) = 104*r - 167. What is t(3)?
145
Let k(f) = -722*f - 2875. Determine k(-4).
13
Let v(i) = -i**3 - 9*i**2 + 1. Give v(-9).
1
Let c(f) = 2177*f + 4418. Give c(-2).
64
Let d(v) = 4*v**3 + 2*v**2 - 42*v - 65. Calculate d(-2).
-5
Let n(o) = -2*o + 101. Determine n(39).
23
Let f(s) = -9117*s - 246153. Give f(-27).
6
Let q(a) = -a**3 + 5*a**2 - 34. Calculate q(5).
-34
Let k(i) = -26*i + 315. Calculate k(12).
3
Let d(p) = -15*p + 98. Determine d(15).
-127
Let o(p) = p**3 - 29*p**2 - 95*p - 49. Calculate o(32).
-17
Let h(k) = -169*k + 3249. What is h(19)?
38
Let j(u) = 123*u + 1824. Determine j(-16).
-144
Let v(t) = -t**3 + 45*t**2 - 124*t + 1635. What is v(43)?
1
Let t(p) = p**2 - 71*p + 83. Give t(70).
13
Let n(a) = 41*a + 212. What is n(-3)?
89
Let v(g) = -2*g**2 + 61*g + 581. Determine v(-8).
-35
Let a(x) = 6*x**2 + 24*x - 55. Determine a(-6).
17
Let c(n) = -2*n**3 + 47*n**2 - 41*n - 42. Calculate c(23).
-456
Let p(w) = 7*w + 265. What is p(-41)?
-22
Let h(y) = -y**3 + 283*y**2 - 1939*y + 1929. Give h(276).
-3
Let o(a) = -a**2 - a + 40. What is o(6)?
-2
Let w(v) = 667*v + 5335. Give w(-8).
-1
Let a(q) = 40*q + 10. Determine a(-3).
-110
Let r(n) = 7*n**2 - 144*n - 568. Give r(24).
8
Let c(d) = -d**3 + 32*d**2 + 12*d - 2171. Determine c(30).
-11
Let g(s) = 14*s**2 - 69*s - 141. Give g(-2).
